9. What is the units digit of t?
8
Let v(o) be the first derivative of -4 - 1/4*o**4 + 37*o + 17/3*o**3 - 13/2*o**2. What is the units digit of v(16)?
5
Suppose -b + 149 = -5*i + 9, -b = 4*i - 176. Let m be (b/4)/4*2/(-4). What is the units digit of 1/((m/(-160))/((-4)/(-2)))?
4
Let v(a) = -9*a**3 + 26*a**2 + 19*a - 229. Let t(r) = -4*r**3 + 12*r**2 + 9*r - 114. Let l(j) = -13*t(j) + 6*v(j). What is the units digit of l(0)?
8
What is the thousands digit of 9/(-33) + (-5279488)/(-704)?
7
Let h(y) = -5*y**2 - 5*y - 16. Let s be h(-7). Let d = s - -389. What is the hundreds digit of d?
1
Suppose -3*a + 10828 = 4*n, 9*a + 10821 = 12*a - 3*n. What is the hundreds digit of a?
6
Let f(g) = -2 - 7*g**2 + g**3 + 2*g**3 - 5*g**3. Let z be f(-3). Let u = 83 + z. What is the tens digit of u?
7
Let r(l) = 31*l**3 + l**2 + 2*l - 8. Let y(t) = -5*t + 132. Let f be y(26). What is the hundreds digit of r(f)?
2
Let q(h) = -94*h - 36. Let f(l) = -31*l - 12. Let z(a) = 16*f(a) - 5*q(a). What is the units digit of z(-3)?
6
Suppose q + 28*q = 957886 - 258638. What is the ten thousands digit of q?
2
Let n = -7370 - -45443. What is the hundreds digit of n?
0
Let a = -1546 - -2200. Let j = -175 + a. What is the units digit of j?
9
Let c = 48631 - 141. What is the ten thousands digit of c?
4
Let d be ((-1 + -2)*-1)/(27/36). Suppose -d*o + 5 = -375. What is the units digit of o?
5
Suppose -6*r + 36 = 0, -r - 90136 = -2*h - 3*r. What is the tens digit of h?
6
Let t(k) = -k**2 + 2*k + 7. Let i be t(-3). Let b be (22/i - -3)*4*10. Suppose b*a - 82 = 8*a. What is the tens digit of a?
4
Let n be (-183)/(-5) + (-11 - 285/(-25)). Suppose -29*z = -n*z + 3624. What is the units digit of z?
3
Let f(z) be the second derivative of -83*z**3/6 + 91*z**2 + 86*z. What is the units digit of f(-16)?
0
Let g(m) = -m**3 + 2*m**2 - 2*m + 4. Let x(r) = 2*r**2 - 18*r + 19. Let i be x(8). Let o be g(i). Let q(t) = t + 24. What is the units digit of q(o)?
3
Let p = 7 - 2. Let g be 40/5 + (1 - p). What is the tens digit of g/(-6) + 8/12*202?
3
Suppose -4*n - 8 = -8*n. Suppose n*k = 3*k - 4. Suppose -k*h + 223 = 3*a, 0 = -4*a - 0*h + 3*h + 289. What is the tens digit of a?
7
Let w(r) = -r + 6. Let n be (-3825)/(-81) - (-4)/(-18). Suppose 3*f + n = 23. What is the tens digit of w(f)?
1
Suppose -8*y - 6670 = -185854. What is the tens digit of y?
9
Suppose -26*p + 280 = -6*p. What is the hundreds digit of 2709/p*4 + (4 - 3)?
7
Suppose -4*y - 1256 + 176 = -4*f, f - 274 = -3*y. Suppose f = d - 3*x - 107, -3*x = 2*d - 738. What is the tens digit of d?
7
Let r be 0 + (-4)/(-7) + (-563888)/(-56). Suppose 0 = 4*v + 12, -r = -5*q - 2*v - 3766. What is the hundreds digit of q?
2
Let x(r) = -18*r**3 + 13*r**2 + 47*r + 1227. What is the tens digit of x(-15)?
9
What is the tens digit of 551268/(-7812)*-31 - (-6)/(-28)*-2?
8
Let z be 360/48*(-4)/(-6). What is the tens digit of 2/z - 3540/(-25)?
4
Let n(k) = -k**2 - 6*k + 5. Let g be n(-12). Let c = -67 - g. Suppose c = 5*m - 1277 + 77. What is the units digit of m?
0
Let a be (1/(-5))/((-16)/400). Suppose 4*i + a*c - 1524 = 0, -5*i - 4*c + 1888 = -2*c. What is the units digit of i?
6
Let g(w) = 8*w + 18 - 6*w + 3*w**2 + 8*w + w. Let u be g(10). Suppose 4*i = 3*d + u, 5*i - 5*d - 229 = 301. What is the tens digit of i?
1
Let g(d) = 2*d**3 + 5*d**2 + 4*d + 4. Let a be g(-2). Suppose a = 4*l - 5*y + 2*y + 143, -3*y = -3*l - 108. What is the tens digit of (-1183)/l - (-1)/5?
3
What is the ten thousands digit of (10/100)/((-12)/(-3225720))?
2
Let x be (-8)/(-1)*(-10)/4. Let w(p) be the third derivative of p**5/60 + 11*p**4/24 - 10*p**3/3 - 2014*p**2. What is the units digit of w(x)?
0
Let u(m) be the first derivative of -27*m**2/2 + 105*m - 69. What is the hundreds digit of u(-10)?
3
Suppose -14*b - 3010 = -19*b. Let x = 1254 - b. What is the units digit of x?
2
Suppose 132*r - 127*r = h + 125878, 5*h = 5*r - 125850. What is the units digit of r?
7
Suppose -s - 2*s + 4*r = -10, 9 = 4*s - r. Suppose s*i - 2140 = i. Suppose 6*y = -706 + i. What is the tens digit of y?
3
Suppose -2*t + 4*s = 32, 5*t + 60 = -0*s + 5*s. Let d = 8 + t. Suppose d = 5*b, -3*b = -5*i - 7*b + 735. What is the hundreds digit of i?
1
Let j = 706 + -396. Let h = j + -88. What is the hundreds digit of h?
2
Let s(u) = 0*u**2 - 4*u**2 + 0*u**2 - 7 + 7*u + 1. Let g be s(5). What is the units digit of (1*-1 - g) + -5 + 2?
7
Let k = 410 + -2. Let d = k + -165. What is the hundreds digit of d?
2
Let r(y) = 6*y + 9. Let b be r(-3). Let h(k) = 26*k + 4. Let a be h(b). Let l = a - -325. What is the units digit of l?
5
Let n(c) = -4 + 7 - c + 3 + 1. Let g be n(7). Suppose -5*f + g*j - 2*j + 580 = 0, f = 4*j + 94. What is the hundreds digit of f?
1
Suppose -1917513 = -56*q - 187*q. What is the thousands digit of q?
7
Suppose 0 = 13*a - 5165 - 3597. Suppose 2*p + 4*k - 2*k = 164, 152 = 2*p - 2*k. Suppose -5*o - p + a = 0. What is the tens digit of o?
1
Suppose -3*a + 797 = 4*x, 0 = 4*a + 12*x - 13*x - 1088. Suppose -28 = -2*i - 18, -2*t = 5*i - a. What is the hundreds digit of t?
1
Suppose 4*j + 0*j + 4*i = 28, -j = 4*i - 13. Suppose g + 36 = j*b - 32, 0 = -2*g + 4. Suppose 0 = b*u - 15*u + 80. What is the units digit of u?
0
Suppose 5*y - 5*q - 64525 = 0, y - 12898 = -q + 3*q. What is the thousands digit of y?
2
Suppose -2*u - 1580 = -o, -1871 + 291 = 2*u + 3*o. Let h = u + 1800. Suppose -h = -5*f - 5*c + 7*c, -595 = -3*f - c. What is the units digit of f?
0
Let h(g) = -g**2 - 26*g - 20. Let t be h(-25). Suppose 1178 = t*d - 2*d - 2*c, -5*d - 3*c + 1957 = 0. What is the tens digit of d?
9
Let j = -9510 + 17613. What is the hundreds digit of j?
1
Let h(m) be the first derivative of m**3/3 + m**2/2 + 19*m + 102. What is the hundreds digit of h(-16)?
2
Let w be (-5 - -1) + (-80)/(-4)*1. Suppose 0 = w*d - 11*d - 10. What is the units digit of d?
2
Let a(z) = 16*z**2 - 3*z - 4. Let x(m) = -m - 1. Let s(o) = 4*a(o) - 12*x(o). What is the units digit of s(-3)?
2
Suppose 0 = 3*d - 100 - 50. Suppose 12 = -2*u - d. Let a = 79 + u. What is the units digit of a?
8
Let o = -241 - -27. Let g = 695 + o. What is the units digit of g?
1
Suppose 5*a - 65 = 135. Suppose a = 3*n - n. Let x = 207 - n. What is the hundreds digit of x?
1
Suppose 3*a + 1533 = 3*p, 372 = -4*p + a + 2404. Let u = 1212 - p. What is the tens digit of u?
0
Suppose -5*i + 23674 = -t, 3027 - 7753 = -i - 2*t. What is the units digit of i?
4
What is the hundreds digit of (128/(-160))/((-4)/22260)?
4
Let t = 20181 - -10342. What is the hundreds digit of t?
5
Let s(t) = 2*t**3 - 8*t**2 + 3*t - 12. Let h(q) = -q**2 - 7*q - 6. Let o be h(-4). What is the hundreds digit of s(o)?
1
Let g(i) = i**3 - 7*i**2 + i + 4. Let f be g(7). Let t(j) = j**2 - 4*j - 10. Let k be t(f). Suppose 30*l - 29*l = k. What is the units digit of l?
7
Suppose 3*j + 2*g - 2 = 0, 2*g + 10 + 8 = 2*j. Suppose -j*f - 2*b = -836, -3*f - 408 = -5*b - 1048. What is the units digit of f?
0
Let v be (21/6 + 3)*4. Suppose -1 = d, -3*r - d = -13 - 19. Suppose 0 = u - v - r. What is the tens digit of u?
3
Let x(c) = -c + 17. Let v be x(15). Suppose g = -4*z + 3 - 1, v = g + 3*z. What is the units digit of (-57)/(-2)*4/g?
7
Suppose -11*k - 13*k + 312 = 0. Suppose -k*h + 3536 + 3276 = 0. What is the hundreds digit of h?
5
Let z = 122932 - 87193. What is the units digit of z?
9
Let q = -181 + 605. Suppose -f - 4*w = -q, 5*f + w - 3099 = -960. What is the units digit of f?
8
Let f = 51 + -15. What is the units digit of (-3)/(f/(-944)) - (-5)/15?
9
Let u(g) = 5*g**2 - 101*g - 33. What is the units digit of u(34)?
3
Let a(z) = 38*z**3 - 11*z**2 + 48*z - 149. What is the thousands digit of a(8)?
8
Let t = -786 + 758. What is the tens digit of 27060/16 - (t/16 - -2)?
9
Let v = 41 - 39. Suppose -3*r + 500 = v*l + r, -r - 4 = 0. What is the units digit of l?
8
Suppose -5*j - 4*g + 2131 = 0, -2226 + 127 = -5*j + 4*g. Suppose 0 = -2*m + j + 767. What is the units digit of m?
5
Let h(g) = 4*g**3 + 7*g**2 - 7*g - 18. Let l be h(5). Suppose -12*n + 13*n + 4*q = 311, -q - l = -2*n. What is the tens digit of n?
1
Suppose -2*p - 5*p = 49. What is the units digit of 320 - p/((-42)/(-30))?
5
Let m be (-5)/2*1/(15/(-516)). Suppose -2*g = 2*o - m, g - 130 = -3*o - 11. Suppose 0 = 10*a - 11*a + o. What is the tens d